{"id":20,"date":"2023-02-04T17:19:46","date_gmt":"2023-02-04T17:19:46","guid":{"rendered":"https:\/\/appartements-anglet.fr\/?page_id=20"},"modified":"2023-02-04T17:52:18","modified_gmt":"2023-02-04T17:52:18","slug":"beaux-portfolios-pour-des-creatifs-exceptionnels","status":"publish","type":"page","link":"https:\/\/appartements-anglet.fr\/","title":{"rendered":"Nous proposons deux appartements \u00e0 la location saisonni\u00e8re sur la chambre d&rsquo;amour."},"content":{"rendered":"\n<p class=\"has-text-align-center\"><meta charset=\"utf-8\">Ces appartements \u00e0 Anglet sont tous les 2 tr\u00e8s bien plac\u00e9s, \u00e0 5mn \u00e0 pied de la plage, proche de toutes les commodit\u00e9s (superette, boulangerie, restaurants..)<br><\/p>\n\n\n\n<p><\/p>\n\n\n\n<p><\/p>\n\n\n\n<p><\/p>\n\n\n\n<p><\/p>\n\n\n\n<div class=\"wp-block-columns is-layout-flex wp-container-core-columns-is-layout-9d6595d7 wp-block-columns-is-layout-flex\">\n<div class=\"wp-block-column is-vertically-aligned-center is-layout-flow wp-block-column-is-layout-flow\">\n<h2 class=\"wp-block-heading\">Appartement anglet <br>YOGANIDRA<\/h2>\n\n\n\n<p>Il est situ\u00e9 dans la r\u00e9sidence Yoganidra qui est s\u00e9curis\u00e9 et comprend des places de parking.<br>Cette r\u00e9sidence est surveill\u00e9 par un concierge pour faire r\u00e9gner le calme et la tranquillit\u00e9 sur les mois de pleines saisons.<br>Pour couronner tout cela une tr\u00e8s belle vue gr\u00e2ce \u00e0 son emplacement surplombant la chambre d&rsquo;amour et une piscine pour l&rsquo;apr\u00e8s plage<\/p>\n\n\n\n<div class=\"wp-block-buttons is-horizontal is-content-justification-left is-layout-flex wp-container-core-buttons-is-layout-7e5fce0a wp-block-buttons-is-layout-flex\">\n<div class=\"wp-block-button is-style-outline is-style-outline--1\"><a class=\"wp-block-button__link wp-element-button\" href=\"#\">DECOUVRIR L&rsquo;APPARTEMENT<\/a><\/div>\n<\/div>\n\n\n\n<figure class=\"wp-block-gallery has-nested-images columns-default is-cropped wp-block-gallery-2 is-layout-flex wp-block-gallery-is-layout-flex\">\n<figure class=\"wp-block-image size-large\"><img loading=\"lazy\" decoding=\"async\" width=\"1024\" height=\"680\" data-id=\"37\" src=\"https:\/\/appartements-anglet.fr\/wp-content\/uploads\/2023\/02\/IMAGE-1-OK-1024x680.jpg\" alt=\"\" class=\"wp-image-37\" srcset=\"https:\/\/appartements-anglet.fr\/wp-content\/uploads\/2023\/02\/IMAGE-1-OK-1024x680.jpg 1024w, https:\/\/appartements-anglet.fr\/wp-content\/uploads\/2023\/02\/IMAGE-1-OK-300x199.jpg 300w, https:\/\/appartements-anglet.fr\/wp-content\/uploads\/2023\/02\/IMAGE-1-OK-768x510.jpg 768w, https:\/\/appartements-anglet.fr\/wp-content\/uploads\/2023\/02\/IMAGE-1-OK-1536x1021.jpg 1536w, https:\/\/appartements-anglet.fr\/wp-content\/uploads\/2023\/02\/IMAGE-1-OK.jpg 2000w\" sizes=\"auto, (max-width: 1024px) 100vw, 1024px\" \/><\/figure>\n<\/figure>\n<\/div>\n\n\n\n<div class=\"wp-block-column is-layout-flow wp-block-column-is-layout-flow\">\n<div style=\"height:48px\" aria-hidden=\"true\" class=\"wp-block-spacer\"><\/div>\n\n\n\n<figure class=\"wp-block-gallery has-nested-images columns-default is-cropped wp-block-gallery-3 is-layout-flex wp-block-gallery-is-layout-flex\">\n<figure class=\"wp-block-image size-large is-style-default\"><img loading=\"lazy\" decoding=\"async\" width=\"1024\" height=\"768\" data-id=\"36\" src=\"https:\/\/appartements-anglet.fr\/wp-content\/uploads\/2023\/02\/IMG_4275-1024x768.jpg\" alt=\"\" class=\"wp-image-36\" srcset=\"https:\/\/appartements-anglet.fr\/wp-content\/uploads\/2023\/02\/IMG_4275-1024x768.jpg 1024w, https:\/\/appartements-anglet.fr\/wp-content\/uploads\/2023\/02\/IMG_4275-300x225.jpg 300w, https:\/\/appartements-anglet.fr\/wp-content\/uploads\/2023\/02\/IMG_4275-768x576.jpg 768w, https:\/\/appartements-anglet.fr\/wp-content\/uploads\/2023\/02\/IMG_4275-1536x1152.jpg 1536w, https:\/\/appartements-anglet.fr\/wp-content\/uploads\/2023\/02\/IMG_4275.jpg 1632w\" sizes=\"auto, (max-width: 1024px) 100vw, 1024px\" \/><\/figure>\n<\/figure>\n<\/div>\n<\/div>\n\n\n\n<div class=\"wp-block-group alignfull\"><div class=\"wp-block-group__inner-container is-layout-flow wp-block-group-is-layout-flow\">\n<div class=\"wp-block-columns are-vertically-aligned-center is-layout-flex wp-container-core-columns-is-layout-9d6595d7 wp-block-columns-is-layout-flex\">\n<div class=\"wp-block-column is-vertically-aligned-center is-layout-flow wp-block-column-is-layout-flow\">\n<div style=\"height:48px\" aria-hidden=\"true\" class=\"wp-block-spacer\"><\/div>\n\n\n\n<figure class=\"wp-block-image size-large\"><img decoding=\"async\" src=\"https:\/\/appartements-anglet.fr\/wp-content\/themes\/inspiro\/assets\/images\/StockSnap_M6D1GS9PSL.jpg\" alt=\"\" class=\"wp-image-27\"\/><\/figure>\n<\/div>\n\n\n\n<div class=\"wp-block-column is-vertically-aligned-center is-layout-flow wp-block-column-is-layout-flow\">\n<h2 class=\"wp-block-heading\">Our Services<\/h2>\n\n\n\n<p>This is some dummy copy. You\u2019re not really supposed to read this dummy copy, it is just a placeholder for people who need some type to visualize what the actual copy might look like if it were real content.<\/p>\n\n\n\n<div class=\"wp-block-buttons is-layout-flex wp-block-buttons-is-layout-flex\">\n<div class=\"wp-block-button is-style-outline is-style-outline--4\"><a class=\"wp-block-button__link wp-element-button\" href=\"#\">Services<\/a><\/div>\n<\/div>\n<\/div>\n<\/div>\n<\/div><\/div>\n\n\n\n<div class=\"wp-block-group alignfull has-black-background-color has-background\"><div class=\"wp-block-group__inner-container is-layout-flow wp-block-group-is-layout-flow\">\n<h2 class=\"has-text-align-center has-white-color has-text-color wp-block-heading\"><strong>Gallery<\/strong><\/h2>\n\n\n\n<figure class=\"wp-block-gallery aligncenter has-nested-images columns-default is-cropped wp-block-gallery-5 is-layout-flex wp-block-gallery-is-layout-flex\">\n<figure class=\"wp-block-image size-large\"><img decoding=\"async\" data-id=\"28\" src=\"https:\/\/appartements-anglet.fr\/wp-content\/themes\/inspiro\/assets\/images\/StockSnap_P9QYJ8AAL8.jpg\" alt=\"\" class=\"wp-image-28\"\/><\/figure>\n\n\n\n<figure class=\"wp-block-image size-large\"><img decoding=\"async\" data-id=\"27\" src=\"https:\/\/appartements-anglet.fr\/wp-content\/themes\/inspiro\/assets\/images\/StockSnap_M6D1GS9PSL.jpg\" alt=\"\" class=\"wp-image-27\"\/><\/figure>\n\n\n\n<figure class=\"wp-block-image size-large\"><img decoding=\"async\" data-id=\"26\" src=\"https:\/\/appartements-anglet.fr\/wp-content\/themes\/inspiro\/assets\/images\/StockSnap_JKMGVEJMPU.jpg\" alt=\"\" class=\"wp-image-26\"\/><\/figure>\n\n\n\n<figure class=\"wp-block-image size-large\"><img decoding=\"async\" data-id=\"25\" src=\"https:\/\/appartements-anglet.fr\/wp-content\/themes\/inspiro\/assets\/images\/StockSnap_CXVCF2NNWJ.jpg\" alt=\"\" class=\"wp-image-25\"\/><\/figure>\n\n\n\n<figure class=\"wp-block-image size-large\"><img decoding=\"async\" data-id=\"24\" src=\"https:\/\/appartements-anglet.fr\/wp-content\/themes\/inspiro\/assets\/images\/StockSnap_89BQZ89TLH.jpg\" alt=\"\" class=\"wp-image-24\"\/><\/figure>\n\n\n\n<figure class=\"wp-block-image size-large\"><img decoding=\"async\" data-id=\"29\" src=\"https:\/\/appartements-anglet.fr\/wp-content\/themes\/inspiro\/assets\/images\/StockSnap_PGXCCTCLB5.jpg\" alt=\"\" class=\"wp-image-29\"\/><\/figure>\n<\/figure>\n<\/div><\/div>\n\n\n\n<div class=\"wp-block-cover alignfull is-light has-parallax is-position-center-center\" style=\"min-height:375px;aspect-ratio:unset;\"><span aria-hidden=\"true\" class=\"wp-block-cover__background has-black-background-color has-background-dim-40 has-background-dim\"><\/span><div role=\"img\" class=\"wp-block-cover__image-background wp-image-24 has-parallax\" style=\"background-position:50% 50%;background-image:url(https:\/\/appartements-anglet.fr\/wp-content\/themes\/inspiro\/assets\/images\/StockSnap_89BQZ89TLH.jpg)\"><\/div><div class=\"wp-block-cover__inner-container is-layout-flow wp-block-cover-is-layout-flow\">\n<p class=\"has-text-align-center has-text-color has-huge-font-size\" style=\"color:#fffffa;line-height:1.1\"><strong>Unleash your creativity with Inspiro<\/strong><\/p>\n\n\n\n<p class=\"has-text-align-center\"><p class=\"has-text-align-center\" style=\"color:#ffffff;\">Lorem ipsum dolor sit amet, consectetur adipiscing elit. Ut elit tellus, luctus nec ullamcorper mattis, pulvinar dapibus leo.<\/p><\/p>\n\n\n\n<div style=\"height:39px\" aria-hidden=\"true\" class=\"wp-block-spacer\"><\/div>\n\n\n\n<div class=\"wp-block-buttons is-horizontal is-content-justification-center is-layout-flex wp-container-core-buttons-is-layout-499968f5 wp-block-buttons-is-layout-flex\">\n<div class=\"wp-block-button is-style-outline is-style-outline--6\"><a class=\"wp-block-button__link has-white-color has-text-color wp-element-button\" href=\"#\">Contact us<\/a><\/div>\n<\/div>\n<\/div><\/div>\n","protected":false},"excerpt":{"rendered":"<p>Ces appartements \u00e0 Anglet sont tous les 2 tr\u00e8s bien plac\u00e9s, \u00e0 5mn \u00e0 pied de la plage, proche de toutes les commodit\u00e9s (superette, boulangerie, restaurants..) Appartement anglet YOGANIDRA Il est situ\u00e9 dans la r\u00e9sidence Yoganidra qui est s\u00e9curis\u00e9 et comprend des places de parking.Cette r\u00e9sidence est surveill\u00e9 par un concierge pour faire r\u00e9gner le &hellip; <\/p>\n<p class=\"link-more\"><a href=\"https:\/\/appartements-anglet.fr\/\" class=\"more-link\">Lire la suite de<span class=\"screen-reader-text\">\u00ab\u00a0Nous proposons deux appartements \u00e0 la location saisonni\u00e8re sur la chambre d&rsquo;amour.\u00a0\u00bb<\/span><\/a><\/p>\n","protected":false},"author":1,"featured_media":19,"parent":0,"menu_order":0,"comment_status":"closed","ping_status":"closed","template":"","meta":{"footnotes":""},"class_list":["post-20","page","type-page","status-publish","has-post-thumbnail","hentry"],"_links":{"self":[{"href":"https:\/\/appartements-anglet.fr\/index.php?rest_route=\/wp\/v2\/pages\/20","targetHints":{"allow":["GET"]}}],"collection":[{"href":"https:\/\/appartements-anglet.fr\/index.php?rest_route=\/wp\/v2\/pages"}],"about":[{"href":"https:\/\/appartements-anglet.fr\/index.php?rest_route=\/wp\/v2\/types\/page"}],"author":[{"embeddable":true,"href":"https:\/\/appartements-anglet.fr\/index.php?rest_route=\/wp\/v2\/users\/1"}],"replies":[{"embeddable":true,"href":"https:\/\/appartements-anglet.fr\/index.php?rest_route=%2Fwp%2Fv2%2Fcomments&post=20"}],"version-history":[{"count":6,"href":"https:\/\/appartements-anglet.fr\/index.php?rest_route=\/wp\/v2\/pages\/20\/revisions"}],"predecessor-version":[{"id":43,"href":"https:\/\/appartements-anglet.fr\/index.php?rest_route=\/wp\/v2\/pages\/20\/revisions\/43"}],"wp:featuredmedia":[{"embeddable":true,"href":"https:\/\/appartements-anglet.fr\/index.php?rest_route=\/wp\/v2\/media\/19"}],"wp:attachment":[{"href":"https:\/\/appartements-anglet.fr\/index.php?rest_route=%2Fwp%2Fv2%2Fmedia&parent=20"}],"curies":[{"name":"wp","href":"https:\/\/api.w.org\/{rel}","templated":true}]}}